{"id":43,"date":"2024-03-22T09:43:04","date_gmt":"2024-03-22T09:43:04","guid":{"rendered":"http:\/\/maanrakennusbjorses.wordpress.com\/?page_id=1"},"modified":"2026-04-28T13:45:58","modified_gmt":"2026-04-28T11:45:58","slug":"om","status":"publish","type":"page","link":"https:\/\/www.bjorses.fi\/index.php\/maanrakennus-jordbyggnad\/om\/","title":{"rendered":"Om oss-Tietoa meist\u00e4"},"content":{"rendered":"\n<div class=\"wp-block-group alignfull has-global-padding is-content-justification-center is-layout-constrained wp-container-core-group-is-layout-df757ecc wp-block-group-is-layout-constrained\" style=\"margin-top:0;margin-bottom:0;padding-top:calc( 0.5 * var(--wp--style--root--padding-right, var(--wp--custom--gap--horizontal)));padding-right:var(--wp--style--root--padding-right, var(--wp--custom--gap--horizontal));padding-bottom:calc( 0.5 * var(--wp--style--root--padding-right, var(--wp--custom--gap--horizontal)));padding-left:var(--wp--style--root--padding-left, var(--wp--custom--gap--horizontal))\">\n<div style=\"height:calc( 0.25 * var(--wp--style--root--padding-right, var(--wp--custom--gap--horizontal)))\" aria-hidden=\"true\" class=\"wp-block-spacer\"><\/div>\n\n\n\n<div class=\"wp-block-columns alignwide is-layout-flex wp-container-core-columns-is-layout-28f84493 wp-block-columns-is-layout-flex\">\n<div class=\"wp-block-column is-layout-flow wp-block-column-is-layout-flow\"><\/div>\n\n\n\n<div class=\"wp-block-column is-layout-flow wp-container-core-column-is-layout-22223934 wp-block-column-is-layout-flow\" style=\"flex-basis:50%\">\n<h2 class=\"wp-block-heading\">Om oss &#8211; Tietoa meist\u00e4<\/h2>\n\n\n\n<div class=\"wp-block-columns is-layout-flex wp-container-core-columns-is-layout-28f84493 wp-block-columns-is-layout-flex\">\n<div class=\"wp-block-column is-style-default is-layout-flow wp-block-column-is-layout-flow\" style=\"flex-basis:100%\">\n<div class=\"wp-block-columns is-layout-flex wp-container-core-columns-is-layout-28f84493 wp-block-columns-is-layout-flex\">\n<div class=\"wp-block-column is-layout-flow wp-block-column-is-layout-flow\" style=\"flex-basis:100%\">\n<div class=\"wp-block-group is-layout-grid wp-container-core-group-is-layout-478b6e6b wp-block-group-is-layout-grid\">\n<figure class=\"wp-block-image size-large\"><img loading=\"lazy\" decoding=\"async\" width=\"683\" height=\"1024\" src=\"http:\/\/www.bjorses.fi\/wp-content\/uploads\/2024\/03\/johan-683x1024.jpg\" alt=\"\" class=\"wp-image-30\" srcset=\"https:\/\/www.bjorses.fi\/wp-content\/uploads\/2024\/03\/johan-683x1024.jpg 683w, https:\/\/www.bjorses.fi\/wp-content\/uploads\/2024\/03\/johan-200x300.jpg 200w, https:\/\/www.bjorses.fi\/wp-content\/uploads\/2024\/03\/johan-768x1152.jpg 768w, https:\/\/www.bjorses.fi\/wp-content\/uploads\/2024\/03\/johan.jpg 1000w\" sizes=\"auto, (max-width: 683px) 100vw, 683px\" \/><\/figure>\n<\/div>\n<\/div>\n<\/div>\n\n\n\n<div class=\"wp-block-columns is-layout-flex wp-container-core-columns-is-layout-28f84493 wp-block-columns-is-layout-flex\">\n<div class=\"wp-block-column is-layout-flow wp-block-column-is-layout-flow\" style=\"flex-basis:25%\"><\/div>\n\n\n\n<div class=\"wp-block-column is-layout-flow wp-block-column-is-layout-flow\" style=\"flex-basis:50%\"><\/div>\n\n\n\n<div class=\"wp-block-column is-layout-flow wp-block-column-is-layout-flow\" style=\"flex-basis:25%\"><\/div>\n<\/div>\n<\/div>\n<\/div>\n<\/div>\n\n\n\n<div class=\"wp-block-column is-layout-flow wp-block-column-is-layout-flow\" style=\"flex-basis:50%\">\n<p>Jordbyggnad Johan Bj\u00f6rses \u00e4r ett enmansf\u00f6retag som \u00e4r bel\u00e4get i Lappfj\u00e4rd, Kristinestad.  <\/p>\n\n\n\n<p>F\u00f6retaget grundades 2023, men l\u00e5ng erfarenhet fr\u00e5n branschen finns inom familjen. Johan \u00e4r tredje generationens gr\u00e4vmaskinschauff\u00f6r.<br><\/p>\n\n\n\n<p>Maanrakennus Johan Bj\u00f6rses on yhden miehen yritys, joka sijaitsee Lapv\u00e4\u00e4rtiss\u00e4, Kristiinankaupungissa.<\/p>\n\n\n\n<p>Yritys on perustettu vuonna 2023, mutta alalta l\u00f6ytyy pitk\u00e4 kokemus perheen sis\u00e4lt\u00e4. Johan on kolmannen sukupolven kaivinkoneenkuljettaja.<\/p>\n<\/div>\n\n\n\n<div class=\"wp-block-column is-layout-flow wp-block-column-is-layout-flow\"><\/div>\n<\/div>\n\n\n\n<div style=\"height:15px\" aria-hidden=\"true\" class=\"wp-block-spacer\"><\/div>\n<\/div>\n\n\n\n<div class=\"wp-block-group alignfull has-global-padding is-content-justification-center is-layout-constrained wp-container-core-group-is-layout-df757ecc wp-block-group-is-layout-constrained\" style=\"margin-top:0;margin-bottom:0;padding-top:calc( 0.5 * var(--wp--style--root--padding-right, var(--wp--custom--gap--horizontal)));padding-right:var(--wp--style--root--padding-right, var(--wp--custom--gap--horizontal));padding-bottom:calc( 0.5 * var(--wp--style--root--padding-right, var(--wp--custom--gap--horizontal)));padding-left:var(--wp--style--root--padding-left, var(--wp--custom--gap--horizontal))\">\n<div style=\"height:calc( 0.25 * var(--wp--style--root--padding-right, var(--wp--custom--gap--horizontal)))\" aria-hidden=\"true\" class=\"wp-block-spacer\"><\/div>\n\n\n\n<div style=\"height:calc( 0.25 * var(--wp--style--root--padding-right, var(--wp--custom--gap--horizontal)))\" aria-hidden=\"true\" class=\"wp-block-spacer\"><\/div>\n\n\n\n<div class=\"wp-block-group alignwide has-global-padding is-layout-constrained wp-block-group-is-layout-constrained\">\n<div class=\"wp-block-group alignwide has-global-padding is-layout-constrained wp-block-group-is-layout-constrained\">\n<div class=\"wp-block-columns alignwide is-layout-flex wp-container-core-columns-is-layout-28f84493 wp-block-columns-is-layout-flex\">\n<div class=\"wp-block-column is-layout-flow wp-block-column-is-layout-flow\">\n<h6 data-wp-context---core-fit-text=\"core\/fit-text::{&quot;fontSize&quot;:&quot;&quot;}\" data-wp-init---core-fit-text=\"core\/fit-text::callbacks.init\" data-wp-interactive data-wp-style--font-size=\"core\/fit-text::context.fontSize\" class=\"wp-block-heading has-fit-text has-medium-font-size\"><strong>V\u00e5ra tj\u00e4nster &#8211; Palveluistamme<\/strong><\/h6>\n\n\n\n<ul class=\"wp-block-list\">\n<li>Kommunalteknik-<br>Kunnallistekniikka<\/li>\n\n\n\n<li>Dr\u00e4nering-<br>Viem\u00e4r\u00f6inti\/Salaojitus<\/li>\n\n\n\n<li>Hus och hallgrunder- <br> Perustusty\u00f6t<\/li>\n\n\n\n<li>Tr\u00e4dg\u00e5rdsarbete-<br> Puutarhaty\u00f6t<\/li>\n<\/ul>\n\n\n\n<ul class=\"wp-block-list\">\n<li>Dikning och r\u00f6rl\u00e4ggning m.m.- <br> Ojitus ja putkiasennus ym<\/li>\n<\/ul>\n\n\n\n<h3 class=\"wp-block-heading\"><strong>Maskiner &#8211; Koneet<\/strong><\/h3>\n\n\n\n<div class=\"wp-block-group is-vertical is-layout-flex wp-container-core-group-is-layout-d6b9ab57 wp-block-group-is-layout-flex\">\n<ul class=\"wp-block-list\">\n<li>15 ton<\/li>\n\n\n\n<li>22 ton \u00e4ven med 3D styrsystem<\/li>\n<\/ul>\n<\/div>\n\n\n\n<p><strong>Ta kontakt med oss s\u00e5 funderar vi p\u00e5 ert projekt tillsammans!<\/strong><\/p>\n\n\n\n<p><br><strong>Ota meihin rohkeasti yhteytt\u00e4, mietimme hankkeestanne yhdess\u00e4!<\/strong><br><\/p>\n\n\n\n<div style=\"height:calc( 0.25 * var(--wp--style--root--padding-right, var(--wp--custom--gap--horizontal)))\" aria-hidden=\"true\" class=\"wp-block-spacer\"><\/div>\n\n\n\n<div class=\"wp-block-columns is-layout-flex wp-container-core-columns-is-layout-28f84493 wp-block-columns-is-layout-flex\">\n<div class=\"wp-block-column is-layout-flow wp-block-column-is-layout-flow\" style=\"flex-basis:100%\">\n<figure class=\"wp-block-gallery has-nested-images columns-default is-cropped wp-block-gallery-1 is-layout-flex wp-block-gallery-is-layout-flex\">\n<figure class=\"wp-block-image size-large\"><img loading=\"lazy\" decoding=\"async\" width=\"1024\" height=\"1024\" data-id=\"177\" src=\"https:\/\/www.bjorses.fi\/wp-content\/uploads\/2026\/04\/img_20231115_191445_492-1-1024x1024.webp\" alt=\"\" class=\"wp-image-177\" srcset=\"https:\/\/www.bjorses.fi\/wp-content\/uploads\/2026\/04\/img_20231115_191445_492-1-1024x1024.webp 1024w, https:\/\/www.bjorses.fi\/wp-content\/uploads\/2026\/04\/img_20231115_191445_492-1-300x300.webp 300w, https:\/\/www.bjorses.fi\/wp-content\/uploads\/2026\/04\/img_20231115_191445_492-1-150x150.webp 150w, https:\/\/www.bjorses.fi\/wp-content\/uploads\/2026\/04\/img_20231115_191445_492-1-768x768.webp 768w, https:\/\/www.bjorses.fi\/wp-content\/uploads\/2026\/04\/img_20231115_191445_492-1-1536x1536.webp 1536w, https:\/\/www.bjorses.fi\/wp-content\/uploads\/2026\/04\/img_20231115_191445_492-1-2048x2048.webp 2048w\" sizes=\"auto, (max-width: 1024px) 100vw, 1024px\" \/><\/figure>\n\n\n\n<figure class=\"wp-block-image size-large\"><img loading=\"lazy\" decoding=\"async\" width=\"768\" height=\"1024\" data-id=\"176\" src=\"http:\/\/www.bjorses.fi\/wp-content\/uploads\/2026\/04\/img-20240322-wa0001-768x1024.webp\" alt=\"\" class=\"wp-image-176\" srcset=\"https:\/\/www.bjorses.fi\/wp-content\/uploads\/2026\/04\/img-20240322-wa0001-768x1024.webp 768w, https:\/\/www.bjorses.fi\/wp-content\/uploads\/2026\/04\/img-20240322-wa0001-225x300.webp 225w, https:\/\/www.bjorses.fi\/wp-content\/uploads\/2026\/04\/img-20240322-wa0001-1152x1536.webp 1152w, https:\/\/www.bjorses.fi\/wp-content\/uploads\/2026\/04\/img-20240322-wa0001.webp 1500w\" sizes=\"auto, (max-width: 768px) 100vw, 768px\" \/><\/figure>\n\n\n\n<figure class=\"wp-block-image size-large\"><img loading=\"lazy\" decoding=\"async\" width=\"1915\" height=\"2560\" data-id=\"34\" src=\"https:\/\/www.bjorses.fi\/wp-content\/uploads\/2024\/03\/20231025_163716-scaled.jpg\" alt=\"\" class=\"wp-image-34\" srcset=\"https:\/\/www.bjorses.fi\/wp-content\/uploads\/2024\/03\/20231025_163716-scaled.jpg 1915w, https:\/\/www.bjorses.fi\/wp-content\/uploads\/2024\/03\/20231025_163716-224x300.jpg 224w\" sizes=\"auto, (max-width: 1915px) 100vw, 1915px\" \/><\/figure>\n\n\n\n<figure class=\"wp-block-image size-large\"><img loading=\"lazy\" decoding=\"async\" width=\"1024\" height=\"1024\" data-id=\"38\" src=\"https:\/\/www.bjorses.fi\/wp-content\/uploads\/2024\/03\/img_20230928_102543_117-1024x1024.jpg\" alt=\"\" class=\"wp-image-38\" srcset=\"https:\/\/www.bjorses.fi\/wp-content\/uploads\/2024\/03\/img_20230928_102543_117-1024x1024.jpg 1024w, https:\/\/www.bjorses.fi\/wp-content\/uploads\/2024\/03\/img_20230928_102543_117-300x300.jpg 300w, https:\/\/www.bjorses.fi\/wp-content\/uploads\/2024\/03\/img_20230928_102543_117-150x150.jpg 150w, https:\/\/www.bjorses.fi\/wp-content\/uploads\/2024\/03\/img_20230928_102543_117-768x768.jpg 768w, https:\/\/www.bjorses.fi\/wp-content\/uploads\/2024\/03\/img_20230928_102543_117.jpg 1200w\" sizes=\"auto, (max-width: 1024px) 100vw, 1024px\" \/><\/figure>\n\n\n\n<figure class=\"wp-block-image size-large\"><img loading=\"lazy\" decoding=\"async\" width=\"1024\" height=\"1024\" data-id=\"39\" src=\"https:\/\/www.bjorses.fi\/wp-content\/uploads\/2024\/03\/img_20230928_102543_161-1024x1024.jpg\" alt=\"\" class=\"wp-image-39\" srcset=\"https:\/\/www.bjorses.fi\/wp-content\/uploads\/2024\/03\/img_20230928_102543_161-1024x1024.jpg 1024w, https:\/\/www.bjorses.fi\/wp-content\/uploads\/2024\/03\/img_20230928_102543_161-300x300.jpg 300w, https:\/\/www.bjorses.fi\/wp-content\/uploads\/2024\/03\/img_20230928_102543_161-150x150.jpg 150w, https:\/\/www.bjorses.fi\/wp-content\/uploads\/2024\/03\/img_20230928_102543_161-768x768.jpg 768w, https:\/\/www.bjorses.fi\/wp-content\/uploads\/2024\/03\/img_20230928_102543_161.jpg 1440w\" sizes=\"auto, (max-width: 1024px) 100vw, 1024px\" \/><\/figure>\n\n\n\n<figure class=\"wp-block-image size-large\"><img loading=\"lazy\" decoding=\"async\" width=\"1024\" height=\"768\" data-id=\"158\" src=\"https:\/\/www.bjorses.fi\/wp-content\/uploads\/2026\/04\/20250726_135436-1024x768.jpg\" alt=\"\" class=\"wp-image-158\" srcset=\"https:\/\/www.bjorses.fi\/wp-content\/uploads\/2026\/04\/20250726_135436-1024x768.jpg 1024w, https:\/\/www.bjorses.fi\/wp-content\/uploads\/2026\/04\/20250726_135436-300x225.jpg 300w, https:\/\/www.bjorses.fi\/wp-content\/uploads\/2026\/04\/20250726_135436-768x576.jpg 768w, https:\/\/www.bjorses.fi\/wp-content\/uploads\/2026\/04\/20250726_135436-1536x1152.jpg 1536w, https:\/\/www.bjorses.fi\/wp-content\/uploads\/2026\/04\/20250726_135436-2048x1536.jpg 2048w\" sizes=\"auto, (max-width: 1024px) 100vw, 1024px\" \/><\/figure>\n<\/figure>\n<\/div>\n<\/div>\n<\/div>\n\n\n\n<div class=\"wp-block-column is-layout-flow wp-container-core-column-is-layout-5dafc681 wp-block-column-is-layout-flow\">\n<figure class=\"wp-block-gallery has-nested-images columns-default is-cropped wp-block-gallery-2 is-layout-flex wp-block-gallery-is-layout-flex\">\n<figure class=\"wp-block-image size-full\"><img loading=\"lazy\" decoding=\"async\" width=\"2279\" height=\"2396\" data-id=\"25\" src=\"https:\/\/maanrakennusbjorses.wordpress.com\/wp-content\/uploads\/2024\/03\/20230531_1309433958-kopia.jpg\" alt=\"\" class=\"wp-image-25\" srcset=\"https:\/\/www.bjorses.fi\/wp-content\/uploads\/2024\/03\/20230531_1309433958-kopia.jpg 2279w, https:\/\/www.bjorses.fi\/wp-content\/uploads\/2024\/03\/20230531_1309433958-kopia-285x300.jpg 285w, https:\/\/www.bjorses.fi\/wp-content\/uploads\/2024\/03\/20230531_1309433958-kopia-974x1024.jpg 974w, https:\/\/www.bjorses.fi\/wp-content\/uploads\/2024\/03\/20230531_1309433958-kopia-768x807.jpg 768w, https:\/\/www.bjorses.fi\/wp-content\/uploads\/2024\/03\/20230531_1309433958-kopia-1461x1536.jpg 1461w, https:\/\/www.bjorses.fi\/wp-content\/uploads\/2024\/03\/20230531_1309433958-kopia-1948x2048.jpg 1948w\" sizes=\"auto, (max-width: 2279px) 100vw, 2279px\" \/><\/figure>\n<\/figure>\n<\/div>\n<\/div>\n<\/div>\n<\/div>\n<\/div>\n\n\n\n<div class=\"wp-block-group alignfull has-global-padding is-content-justification-center is-layout-constrained wp-container-core-group-is-layout-df757ecc wp-block-group-is-layout-constrained\" style=\"margin-top:0;margin-bottom:0;padding-top:calc( 0.5 * var(--wp--style--root--padding-right, var(--wp--custom--gap--horizontal)));padding-right:var(--wp--style--root--padding-right, var(--wp--custom--gap--horizontal));padding-bottom:calc( 0.5 * var(--wp--style--root--padding-right, var(--wp--custom--gap--horizontal)));padding-left:var(--wp--style--root--padding-left, var(--wp--custom--gap--horizontal))\">\n<div style=\"height:calc( 0.25 * var(--wp--style--root--padding-right, var(--wp--custom--gap--horizontal)))\" aria-hidden=\"true\" class=\"wp-block-spacer\"><\/div>\n\n\n\n<div style=\"height:calc( 0.25 * var(--wp--style--root--padding-right, var(--wp--custom--gap--horizontal)))\" aria-hidden=\"true\" class=\"wp-block-spacer\"><\/div>\n<\/div>\n","protected":false},"excerpt":{"rendered":"<p>Om oss &#8211; Tietoa meist\u00e4 Jordbyggnad Johan Bj\u00f6rses \u00e4r ett enmansf\u00f6retag som \u00e4r bel\u00e4get i Lappfj\u00e4rd, Kristinestad. F\u00f6retaget grundades 2023, men l\u00e5ng erfarenhet fr\u00e5n branschen finns inom familjen. Johan \u00e4r tredje generationens gr\u00e4vmaskinschauff\u00f6r. Maanrakennus Johan Bj\u00f6rses on yhden miehen yritys, joka sijaitsee Lapv\u00e4\u00e4rtiss\u00e4, Kristiinankaupungissa. Yritys on perustettu vuonna 2023, mutta alalta l\u00f6ytyy pitk\u00e4 kokemus perheen [&hellip;]<\/p>\n","protected":false},"author":1,"featured_media":0,"parent":134,"menu_order":0,"comment_status":"closed","ping_status":"closed","template":"","meta":{"footnotes":""},"class_list":["post-43","page","type-page","status-publish","hentry"],"_links":{"self":[{"href":"https:\/\/www.bjorses.fi\/index.php\/wp-json\/wp\/v2\/pages\/43","targetHints":{"allow":["GET"]}}],"collection":[{"href":"https:\/\/www.bjorses.fi\/index.php\/wp-json\/wp\/v2\/pages"}],"about":[{"href":"https:\/\/www.bjorses.fi\/index.php\/wp-json\/wp\/v2\/types\/page"}],"author":[{"embeddable":true,"href":"https:\/\/www.bjorses.fi\/index.php\/wp-json\/wp\/v2\/users\/1"}],"replies":[{"embeddable":true,"href":"https:\/\/www.bjorses.fi\/index.php\/wp-json\/wp\/v2\/comments?post=43"}],"version-history":[{"count":7,"href":"https:\/\/www.bjorses.fi\/index.php\/wp-json\/wp\/v2\/pages\/43\/revisions"}],"predecessor-version":[{"id":180,"href":"https:\/\/www.bjorses.fi\/index.php\/wp-json\/wp\/v2\/pages\/43\/revisions\/180"}],"up":[{"embeddable":true,"href":"https:\/\/www.bjorses.fi\/index.php\/wp-json\/wp\/v2\/pages\/134"}],"wp:attachment":[{"href":"https:\/\/www.bjorses.fi\/index.php\/wp-json\/wp\/v2\/media?parent=43"}],"curies":[{"name":"wp","href":"https:\/\/api.w.org\/{rel}","templated":true}]}}